{"id":491,"date":"2026-01-07T16:53:42","date_gmt":"2026-01-07T14:53:42","guid":{"rendered":"https:\/\/puustiset.com\/?page_id=491"},"modified":"2026-02-25T21:39:40","modified_gmt":"2026-02-25T19:39:40","slug":"kartat-dokumentit","status":"publish","type":"page","link":"https:\/\/puustiset.com\/index.php\/kuvat-ja-videot\/kartat-dokumentit\/","title":{"rendered":"Kartat \/ dokumentit"},"content":{"rendered":"\n<p>Mujulan tila Kuusvaaralla. Tilanjakokartta 1851 ja tilan is\u00e4nn\u00e4t vuodesta 1722 l\u00e4htien.<\/p>\n\n\n\n<div class=\"wp-block-columns is-layout-flex wp-container-core-columns-is-layout-9d6595d7 wp-block-columns-is-layout-flex\">\n<div class=\"wp-block-column is-layout-flow wp-block-column-is-layout-flow\"><div class=\"wp-block-image\">\n<figure class=\"aligncenter size-large\"><a href=\"https:\/\/puustiset.com\/puustiset\/wp-content\/uploads\/2026\/02\/32195533_Separat_forrattningskarta_klyvning_Mujula_380_1-scaled.jpg\" data-rel=\"a[href$=&quot;.jpg&quot;], a[href$=&quot;.jpeg&quot;], a[href$=&quot;.png&quot;]-image-0\" data-rl_title=\"\" data-rl_caption=\"\" title=\"\"><img loading=\"lazy\" decoding=\"async\" width=\"1024\" height=\"664\" src=\"https:\/\/puustiset.com\/puustiset\/wp-content\/uploads\/2026\/02\/32195533_Separat_forrattningskarta_klyvning_Mujula_380_1-1024x664.jpg\" alt=\"\" class=\"wp-image-900\" srcset=\"https:\/\/puustiset.com\/puustiset\/wp-content\/uploads\/2026\/02\/32195533_Separat_forrattningskarta_klyvning_Mujula_380_1-1024x664.jpg 1024w, https:\/\/puustiset.com\/puustiset\/wp-content\/uploads\/2026\/02\/32195533_Separat_forrattningskarta_klyvning_Mujula_380_1-300x194.jpg 300w, https:\/\/puustiset.com\/puustiset\/wp-content\/uploads\/2026\/02\/32195533_Separat_forrattningskarta_klyvning_Mujula_380_1-768x498.jpg 768w, https:\/\/puustiset.com\/puustiset\/wp-content\/uploads\/2026\/02\/32195533_Separat_forrattningskarta_klyvning_Mujula_380_1-1536x996.jpg 1536w, https:\/\/puustiset.com\/puustiset\/wp-content\/uploads\/2026\/02\/32195533_Separat_forrattningskarta_klyvning_Mujula_380_1-2048x1327.jpg 2048w, https:\/\/puustiset.com\/puustiset\/wp-content\/uploads\/2026\/02\/32195533_Separat_forrattningskarta_klyvning_Mujula_380_1-1200x778.jpg 1200w\" sizes=\"auto, (max-width: 709px) 85vw, (max-width: 909px) 67vw, (max-width: 1362px) 62vw, 840px\" \/><\/a><\/figure>\n<\/div><\/div>\n\n\n\n<div class=\"wp-block-column is-layout-flow wp-block-column-is-layout-flow\"><div class=\"wp-block-image\">\n<figure class=\"aligncenter size-large\"><a href=\"https:\/\/puustiset.com\/puustiset\/wp-content\/uploads\/2026\/02\/Mujulan-tilan-isannat1722-2026_1.jpg\" data-rel=\"a[href$=&quot;.jpg&quot;], a[href$=&quot;.jpeg&quot;], a[href$=&quot;.png&quot;]-image-1\" data-rl_title=\"\" data-rl_caption=\"\" title=\"\"><img loading=\"lazy\" decoding=\"async\" width=\"724\" height=\"1024\" src=\"https:\/\/puustiset.com\/puustiset\/wp-content\/uploads\/2026\/02\/Mujulan-tilan-isannat1722-2026_1-724x1024.jpg\" alt=\"\" class=\"wp-image-904\" srcset=\"https:\/\/puustiset.com\/puustiset\/wp-content\/uploads\/2026\/02\/Mujulan-tilan-isannat1722-2026_1-724x1024.jpg 724w, https:\/\/puustiset.com\/puustiset\/wp-content\/uploads\/2026\/02\/Mujulan-tilan-isannat1722-2026_1-212x300.jpg 212w, https:\/\/puustiset.com\/puustiset\/wp-content\/uploads\/2026\/02\/Mujulan-tilan-isannat1722-2026_1-768x1086.jpg 768w, https:\/\/puustiset.com\/puustiset\/wp-content\/uploads\/2026\/02\/Mujulan-tilan-isannat1722-2026_1-1086x1536.jpg 1086w, https:\/\/puustiset.com\/puustiset\/wp-content\/uploads\/2026\/02\/Mujulan-tilan-isannat1722-2026_1-1200x1697.jpg 1200w, https:\/\/puustiset.com\/puustiset\/wp-content\/uploads\/2026\/02\/Mujulan-tilan-isannat1722-2026_1.jpg 1241w\" sizes=\"auto, (max-width: 724px) 85vw, 724px\" \/><\/a><\/figure>\n<\/div><\/div>\n\n\n\n<div class=\"wp-block-column is-layout-flow wp-block-column-is-layout-flow\"><div class=\"wp-block-image\">\n<figure class=\"aligncenter size-large\"><a href=\"https:\/\/puustiset.com\/puustiset\/wp-content\/uploads\/2026\/02\/Mujulan-tilan-isannat-sukupuussa_1-scaled.jpg\" data-rel=\"a[href$=&quot;.jpg&quot;], a[href$=&quot;.jpeg&quot;], a[href$=&quot;.png&quot;]-image-2\" data-rl_title=\"\" data-rl_caption=\"\" title=\"\"><img loading=\"lazy\" decoding=\"async\" width=\"724\" height=\"1024\" src=\"https:\/\/puustiset.com\/puustiset\/wp-content\/uploads\/2026\/02\/Mujulan-tilan-isannat-sukupuussa_1-724x1024.jpg\" alt=\"\" class=\"wp-image-905\" srcset=\"https:\/\/puustiset.com\/puustiset\/wp-content\/uploads\/2026\/02\/Mujulan-tilan-isannat-sukupuussa_1-724x1024.jpg 724w, https:\/\/puustiset.com\/puustiset\/wp-content\/uploads\/2026\/02\/Mujulan-tilan-isannat-sukupuussa_1-212x300.jpg 212w, https:\/\/puustiset.com\/puustiset\/wp-content\/uploads\/2026\/02\/Mujulan-tilan-isannat-sukupuussa_1-768x1086.jpg 768w, https:\/\/puustiset.com\/puustiset\/wp-content\/uploads\/2026\/02\/Mujulan-tilan-isannat-sukupuussa_1-1086x1536.jpg 1086w, https:\/\/puustiset.com\/puustiset\/wp-content\/uploads\/2026\/02\/Mujulan-tilan-isannat-sukupuussa_1-1448x2048.jpg 1448w, https:\/\/puustiset.com\/puustiset\/wp-content\/uploads\/2026\/02\/Mujulan-tilan-isannat-sukupuussa_1-1200x1697.jpg 1200w, https:\/\/puustiset.com\/puustiset\/wp-content\/uploads\/2026\/02\/Mujulan-tilan-isannat-sukupuussa_1-scaled.jpg 1810w\" sizes=\"auto, (max-width: 724px) 85vw, 724px\" \/><\/a><\/figure>\n<\/div><\/div>\n<\/div>\n\n\n\n<p><\/p>\n","protected":false},"excerpt":{"rendered":"<p>Mujulan tila Kuusvaaralla. Tilanjakokartta 1851 ja tilan is\u00e4nn\u00e4t vuodesta 1722 l\u00e4htien.<\/p>\n","protected":false},"author":1,"featured_media":0,"parent":484,"menu_order":0,"comment_status":"closed","ping_status":"closed","template":"","meta":{"footnotes":""},"class_list":["post-491","page","type-page","status-publish","hentry"],"_links":{"self":[{"href":"https:\/\/puustiset.com\/index.php\/wp-json\/wp\/v2\/pages\/491","targetHints":{"allow":["GET"]}}],"collection":[{"href":"https:\/\/puustiset.com\/index.php\/wp-json\/wp\/v2\/pages"}],"about":[{"href":"https:\/\/puustiset.com\/index.php\/wp-json\/wp\/v2\/types\/page"}],"author":[{"embeddable":true,"href":"https:\/\/puustiset.com\/index.php\/wp-json\/wp\/v2\/users\/1"}],"replies":[{"embeddable":true,"href":"https:\/\/puustiset.com\/index.php\/wp-json\/wp\/v2\/comments?post=491"}],"version-history":[{"count":3,"href":"https:\/\/puustiset.com\/index.php\/wp-json\/wp\/v2\/pages\/491\/revisions"}],"predecessor-version":[{"id":906,"href":"https:\/\/puustiset.com\/index.php\/wp-json\/wp\/v2\/pages\/491\/revisions\/906"}],"up":[{"embeddable":true,"href":"https:\/\/puustiset.com\/index.php\/wp-json\/wp\/v2\/pages\/484"}],"wp:attachment":[{"href":"https:\/\/puustiset.com\/index.php\/wp-json\/wp\/v2\/media?parent=491"}],"curies":[{"name":"wp","href":"https:\/\/api.w.org\/{rel}","templated":true}]}}