{"id":489,"date":"2026-01-07T16:52:52","date_gmt":"2026-01-07T14:52:52","guid":{"rendered":"https:\/\/puustiset.com\/?page_id=489"},"modified":"2026-02-27T23:49:30","modified_gmt":"2026-02-27T21:49:30","slug":"historialliset-kuvat","status":"publish","type":"page","link":"https:\/\/puustiset.com\/index.php\/kuvat-ja-videot\/historialliset-kuvat\/","title":{"rendered":"Historialliset kuvat"},"content":{"rendered":"\n<p>Vanhat kuvat sis\u00e4lt\u00e4v\u00e4t usein henkil\u00f6it\u00e4, joita emme tunnista. T\u00e4h\u00e4n tarvitsemme teid\u00e4n kaikkien apua. N\u00e4iden valokuvien yhteyteen tulee linkki tunnistuskuvaan, jossa henkil\u00f6t numeroitu ja pyrimme kaikille l\u00f6yt\u00e4m\u00e4\u00e4n nimen. Kehitysty\u00f6 viel\u00e4 kesken. Palaute toistaiseksi s\u00e4hk\u00f6postilla  info@puustiset.com osoitteen kautta.<\/p>\n\n\n\n<div class=\"wp-block-group\"><div class=\"wp-block-group__inner-container is-layout-constrained wp-block-group-is-layout-constrained\">\n<figure class=\"wp-block-image size-large original-image\"><a href=\"https:\/\/puustiset.com\/puustiset\/wp-content\/uploads\/2026\/02\/Ryhmakuva-Puustilan-tuvasta.png\" data-rel=\"a[href$=&quot;.jpg&quot;], a[href$=&quot;.jpeg&quot;], a[href$=&quot;.png&quot;]-image-0\" data-rl_title=\"\" data-rl_caption=\"\" title=\"\"><img loading=\"lazy\" decoding=\"async\" width=\"1024\" height=\"667\" src=\"https:\/\/puustiset.com\/puustiset\/wp-content\/uploads\/2026\/02\/Ryhmakuva-Puustilan-tuvasta-1024x667.png\" alt=\"\" class=\"wp-image-760\" srcset=\"https:\/\/puustiset.com\/puustiset\/wp-content\/uploads\/2026\/02\/Ryhmakuva-Puustilan-tuvasta-1024x667.png 1024w, https:\/\/puustiset.com\/puustiset\/wp-content\/uploads\/2026\/02\/Ryhmakuva-Puustilan-tuvasta-300x196.png 300w, https:\/\/puustiset.com\/puustiset\/wp-content\/uploads\/2026\/02\/Ryhmakuva-Puustilan-tuvasta-768x501.png 768w, https:\/\/puustiset.com\/puustiset\/wp-content\/uploads\/2026\/02\/Ryhmakuva-Puustilan-tuvasta-1200x782.png 1200w, https:\/\/puustiset.com\/puustiset\/wp-content\/uploads\/2026\/02\/Ryhmakuva-Puustilan-tuvasta.png 1410w\" sizes=\"auto, (max-width: 709px) 85vw, (max-width: 909px) 67vw, (max-width: 1362px) 62vw, 840px\" \/><\/a><figcaption class=\"wp-element-caption\">Tilaisuus Kuusvaaralla Puustilan vanhassa tuvassa.<\/figcaption><\/figure>\n\n\n\n<figure class=\"wp-block-image size-large hidden-image has-numbered\"><a  href=\"https:\/\/puustiset.com\/puustiset\/wp-content\/uploads\/2026\/02\/1.png\" data-title=\"Tunnistuskuva\" data-rel=\"a[href$=&quot;.jpg&quot;], a[href$=&quot;.jpeg&quot;], a[href$=&quot;.png&quot;]-image-1\" data-rl_title=\"\" data-rl_caption=\"Tunnistuskuva\" title=\"\"><img loading=\"lazy\" decoding=\"async\" width=\"1024\" height=\"667\" src=\"https:\/\/puustiset.com\/puustiset\/wp-content\/uploads\/2026\/02\/1-1024x667.png\" alt=\"\" class=\"wp-image-763\" srcset=\"https:\/\/puustiset.com\/puustiset\/wp-content\/uploads\/2026\/02\/1-1024x667.png 1024w, https:\/\/puustiset.com\/puustiset\/wp-content\/uploads\/2026\/02\/1-300x196.png 300w, https:\/\/puustiset.com\/puustiset\/wp-content\/uploads\/2026\/02\/1-768x501.png 768w, https:\/\/puustiset.com\/puustiset\/wp-content\/uploads\/2026\/02\/1-1200x782.png 1200w, https:\/\/puustiset.com\/puustiset\/wp-content\/uploads\/2026\/02\/1.png 1410w\" sizes=\"auto, (max-width: 709px) 85vw, (max-width: 909px) 67vw, (max-width: 1362px) 62vw, 840px\" \/><\/a><figcaption class=\"wp-element-caption\">Tunnistuskuva<\/figcaption><\/figure>\n\n\n\n<a href=\"#\"\n   class=\"btn-numbered\"\n   data-show=\".hidden-image\"\n   data-hide=\".original-image\">\n   Siirry numeroituun kuvaan\n<\/a>\n\n\n\n<a href=\"#\"\n   class=\"btn-original\"\n   data-show=\".original-image\"\n   data-hide=\".hidden-image\">\n   Siirry alkuper\u00e4iseen kuvaan\n<\/a>\n\n\n\n<div class=\"wp-block-columns hidden-image has-numbered is-layout-flex wp-container-core-columns-is-layout-9d6595d7 wp-block-columns-is-layout-flex\">\n<div class=\"wp-block-column is-layout-flow wp-block-column-is-layout-flow\">\n<ul class=\"wp-block-list\">\n<li>1. tuntematon<\/li>\n\n\n\n<li>2. tuntematon<\/li>\n\n\n\n<li>3. Veikko Puustinen<\/li>\n\n\n\n<li>4. tuntematon<\/li>\n\n\n\n<li>5. tuntematon<\/li>\n\n\n\n<li>6. Aaro Keronen<\/li>\n\n\n\n<li>7. tuntematon<\/li>\n\n\n\n<li>8. Vilho Simonen<\/li>\n\n\n\n<li>9. xxx Pievil\u00e4inen (?)<\/li>\n\n\n\n<li>10. tuntematon<\/li>\n\n\n\n<li>11. tuntematon<\/li>\n\n\n\n<li>12. tuntematon<\/li>\n\n\n\n<li>13. tuntematon<\/li>\n\n\n\n<li>14. tuntematon<\/li>\n\n\n\n<li>15. tuntematon<\/li>\n<\/ul>\n<\/div>\n\n\n\n<div class=\"wp-block-column is-layout-flow wp-block-column-is-layout-flow\">\n<ul class=\"wp-block-list\">\n<li>16. tuntematon<\/li>\n\n\n\n<li>17. tuntematon<\/li>\n\n\n\n<li>18. tuntematon<\/li>\n\n\n\n<li>19. Hanna Puustinen os Vuojolainen<\/li>\n\n\n\n<li>20. Aini Puustinen os Helminen<\/li>\n\n\n\n<li>21. tuntematon<\/li>\n\n\n\n<li>22. tuntematon<\/li>\n\n\n\n<li>23. tuntematon<\/li>\n\n\n\n<li>24. tuntematon<\/li>\n\n\n\n<li>25. tuntematon<\/li>\n<\/ul>\n<\/div>\n<\/div>\n<\/div><\/div>\n\n\n\n<div style=\"height:100px\" aria-hidden=\"true\" class=\"wp-block-spacer is-style-wide\"><\/div>\n\n\n\n<p><\/p>\n","protected":false},"excerpt":{"rendered":"<p>Vanhat kuvat sis\u00e4lt\u00e4v\u00e4t usein henkil\u00f6it\u00e4, joita emme tunnista. T\u00e4h\u00e4n tarvitsemme teid\u00e4n kaikkien apua. N\u00e4iden valokuvien yhteyteen tulee linkki tunnistuskuvaan, jossa henkil\u00f6t numeroitu ja pyrimme kaikille l\u00f6yt\u00e4m\u00e4\u00e4n nimen. Kehitysty\u00f6 viel\u00e4 kesken. Palaute toistaiseksi s\u00e4hk\u00f6postilla info@puustiset.com osoitteen kautta. Siirry numeroituun kuvaan Siirry alkuper\u00e4iseen kuvaan<\/p>\n","protected":false},"author":1,"featured_media":0,"parent":484,"menu_order":0,"comment_status":"closed","ping_status":"closed","template":"","meta":{"footnotes":""},"class_list":["post-489","page","type-page","status-publish","hentry"],"_links":{"self":[{"href":"https:\/\/puustiset.com\/index.php\/wp-json\/wp\/v2\/pages\/489","targetHints":{"allow":["GET"]}}],"collection":[{"href":"https:\/\/puustiset.com\/index.php\/wp-json\/wp\/v2\/pages"}],"about":[{"href":"https:\/\/puustiset.com\/index.php\/wp-json\/wp\/v2\/types\/page"}],"author":[{"embeddable":true,"href":"https:\/\/puustiset.com\/index.php\/wp-json\/wp\/v2\/users\/1"}],"replies":[{"embeddable":true,"href":"https:\/\/puustiset.com\/index.php\/wp-json\/wp\/v2\/comments?post=489"}],"version-history":[{"count":54,"href":"https:\/\/puustiset.com\/index.php\/wp-json\/wp\/v2\/pages\/489\/revisions"}],"predecessor-version":[{"id":957,"href":"https:\/\/puustiset.com\/index.php\/wp-json\/wp\/v2\/pages\/489\/revisions\/957"}],"up":[{"embeddable":true,"href":"https:\/\/puustiset.com\/index.php\/wp-json\/wp\/v2\/pages\/484"}],"wp:attachment":[{"href":"https:\/\/puustiset.com\/index.php\/wp-json\/wp\/v2\/media?parent=489"}],"curies":[{"name":"wp","href":"https:\/\/api.w.org\/{rel}","templated":true}]}}